) = -5*i(j) + 4*w(j). What are the prime factors of v(2)?
2, 3, 7
Suppose 1430*f = 1415*f + 621675. List the prime factors of f.
3, 5, 307
Suppose -5*w + 1536 = -5*f - 4*w, 5*f + 1560 = -5*w. Let y = -31 - f. What are the prime factors of y?
277
Let p(m) = 20*m**3 - 130*m**2 + 40*m - 60. List the prime factors of p(16).
2, 5, 23, 107
Suppose 3*i + 4*a = -6, -5*i - 2*a - a + 1 = 0. Suppose -14 = -i*c - 0. Suppose f = c*f - 972. What are the prime factors of f?
2, 3
Let r be (-17)/(1309/95088) - 2/22. Let m = -505 - r. What are the prime factors of m?
2, 5, 73
Suppose -2*i - 10 = 0, 10*d + 10 = 13*d - 2*i. Suppose -b - h + 303 = d, 5*b - 1512 = h - 5*h. What are the prime factors of b?
2, 3, 5
Suppose -68 - 51 = 7*i. Let w(g) = -g**3 + 4*g**2 + 2*g - 1. Let s be w(-3). Let k = s - i. What are the prime factors of k?
73
Suppose 2 - 110 = -12*v. Suppose v*i - 1540 = 7*i. Suppose 19*a - i = 12*a. What are the prime factors of a?
2, 5, 11
Suppose 0 = 2*p + 2, h + 47 = -h - 3*p. Let b = h - -25. Suppose -b*r = -z - 245, -3*r = r + 3*z - 344. What are the prime factors of r?
83
Let d be ((-2)/(-1))/(4/10). Suppose 2 + 7 = 5*i + 3*h, -d*i + 15 = 5*h. Suppose i = 3*g - 3*s - 0*s - 255, g - 93 = 5*s. What are the prime factors of g?
83
Let u be (-6)/15 - 13232/60*3. Let i = u - -1371. What are the prime factors of i?
709
Let y(t) = 11*t - 42*t + 2*t**3 + 20*t**2 - 27 - t**3. List the prime factors of y(-21).
3, 61
Let z(y) = y**3 + 6*y**2 - 10*y - 7. Let q be z(-7). Let t be ((-810)/189)/(32/(-14) - -2). Suppose -165 = q*j - t*j. List the prime factors of j.
3, 5, 11
Let n(c) = -12*c + 112. Let y be n(9). Suppose -504 = -r + y*l, 4*r - 8*r + l + 2076 = 0. What are the prime factors of r?
2, 5, 13
Let v be 190/(-6 + 196/35). Let f = -411 - v. What are the prime factors of f?
2
Let f(u) = -12*u + 221. Let y be f(-31). Suppose 3*q - 2576 = -5*g, 2*g - 5*q - y = 425. What are the prime factors of g?
2, 257
Suppose 14*j = 18*j - 8. Suppose 2*u - 5*u - 5*q + 2007 = 0, 5*q = -j*u + 1333. What are the prime factors of u?
2, 337
Suppose -16*s + 12*s = -40. Let b be (0 - 1)*7/(-1). What are the prime factors of 9*b*(s + -9)?
3, 7
Suppose 0 = -2*s - 8, 43*s - 19888 = -2*v + 42*s. List the prime factors of v.
2, 4973
Let i be (-28)/(-70) + 357/(-5) + 0. Let x = 127 + i. What are the prime factors of x?
2, 7
Let p be 142/(-4) - (5/(-2))/5. Let a be (-17)/(4 + 135/p). List the prime factors of 4/(4 + -8)*a.
7, 17
Let h(s) be the first derivative of 19*s**2 + 49*s + 22. Let v be h(9). Suppose -v = -3*d + 6*o - 5*o, -d + 2*o = -127. What are the prime factors of d?
131
Let z(q) = 5*q - 13. Let w be z(8). Let u(a) = -3*a**2 + 91*a + 3. What are the prime factors of u(w)?
3, 7, 13
What are the prime factors of 210/45*(-189231)/(-49)?
2, 9011
Let r(u) = -6*u - 10 + 6*u - 65*u**2 + 66*u**2 + 11*u. What are the prime factors of r(-22)?
2, 29
Suppose -10*l + 13701 = -139259. What are the prime factors of l?
2, 239
Let z be (-2 - (-10)/8)*-16. Let v be (2 - 14/6)*z/1. List the prime factors of (8/v - 0) + 204.
2, 101
Let m(t) = -6*t**2 - 271*t + 24. What are the prime factors of m(-11)?
43, 53
Let j = -865 + 1215. Suppose -u = 5*f - 5067, f = -4*u + 652 + j. What are the prime factors of f?
2, 3, 13
What are the prime factors of -8760*(22/33)/((-8)/12)?
2, 3, 5, 73
Suppose n + 26 - 22 = 0. Let u = 62 - n. Suppose -u = -5*c + q, c = -2*c + q + 38. What are the prime factors of c?
2, 7
Let v = -20 - -22. Suppose -v*a + 316 = -5*o, 3*a + o - 2*o - 487 = 0. List the prime factors of a.
163
Let h(r) = r**3 - 10*r**2 - 3*r + 34. Let k be h(10). Suppose k*d - 10 = 6. Suppose 3*w = 233 + d. What are the prime factors of w?
79
Let x(a) = -2*a + 22. Let z be ((-162)/63)/(6/(-28)). Let c be x(z). List the prime factors of c*(-3 - 268/8).
73
Suppose 17*m - 49*m - 1440 = 0. What are the prime factors of 6309/15 + -1 - (-27)/m?
419
Suppose 4*z - 14 = -x, -3 - 19 = -4*z + 3*x. Suppose 3*d = z*l - 1004, l + 2*d - 282 = -31. List the prime factors of l.
251
Let b(x) = 14*x**2 - 57*x + 9. Let w be b(4). Suppose -4*k - w*q + 2690 = 0, -k = k + 2*q - 1346. List the prime factors of k.
3, 5
Suppose 3*y = 4*y - 3*o + 191, 3*y = 5*o - 577. Let f be ((-12)/(-5))/((-81)/(-9720)). Let q = y + f. List the prime factors of q.
2, 47
Suppose 54 = 8*n + 22. Suppose n*m - 3*d - 2428 = 0, -3*m + d = -7*m + 2444. What are the prime factors of m?
2, 5, 61
Suppose -y - 2*y = -8*y. Suppose -8 + y = 8*g. What are the prime factors of (135 - -3)/(g + (-10)/(-4))?
2, 23
Suppose q = -0*q + 5*q. Let l be q/((8 - 5) + -5). What are the prime factors of (10/(-6) + l)/((-12)/1692)?
5, 47
Let g = 31470 + -10279. What are the prime factors of g?
21191
Suppose 2*t = -4*k + 6, 5*k + 5*t - 2*t = 6. Suppose j - 3*j + 1886 = 2*l, 2825 = k*l + 2*j. List the prime factors of l.
3, 313
Let n = 47593 + -1342. List the prime factors of n.
3, 571
Suppose 0 = -14*v + 2*v + 65892. Suppose v = -22*s + 16293. List the prime factors of s.
491
Let o(s) = 23*s**2 + s. Let g be o(3). Suppose -3*u = -w + 2*w - 42, 5*u = 5*w - g. What are the prime factors of 0/(-2) + 2/3*w?
2, 7
Let z be ((-25)/(-10))/((-5)/(-312)). Let x = 669 + z. List the prime factors of x.
3, 5, 11
Suppose -3*b = -308*p + 306*p - 101978, 4*p = b - 33986. What are the prime factors of b?
2, 23, 739
Suppose -y - 178 = -10. Let x = -73 - y. Suppose 6*g = x + 259. What are the prime factors of g?
59
Let m = 1487 - 945. List the prime factors of m.
2, 271
Let v = -1868 - -91472. What are the prime factors of v?
2, 3, 19, 131
Let a(y) = 39*y - 1. Let x be a(6). Let s = -342 - -672. Let t = s - x. What are the prime factors of t?
97
List the prime factors of -9 + 13964 + (-4*3/6 - -4).
17, 821
Let s = 254 - -617. Suppose 6*g = 2*l + 10*g - 440, 5*g = -4*l + s. List the prime factors of l.
2, 107
Suppose -o - x - 2 = 0, -2 = -3*o - x - 6. Let g be (-3)/(2 - o - (-2034)/(-672)). Let w = g + -66. What are the prime factors of w?
2, 23
Suppose 5*s - 4 = 3*s. Suppose 448 = s*c + 58. Suppose -c = 6*o - 9*o. List the prime factors of o.
5, 13
Suppose 2*y + 7102 = 2*z - 13292, 3*z - 30603 = y. List the prime factors of z.
3, 19, 179
Let p(z) = 8*z**3 - 10*z**2 + 6*z - 7. Let r = 14 + -10. List the prime factors of p(r).
3, 41
What are the prime factors of 26464/12 + 1 + 15*(-10)/(-225)?
2207
Suppose 10*x + 2*h = 12*x - 146, x + 2*h - 88 = 0. List the prime factors of (-1359)/(-2) - 117/x.
2, 3, 113
Suppose -663 = -7*k - 3330. Let s = 120 - k. List the prime factors of s.
3, 167
Let g = 128 + 63. Suppose -g = -3*z + 463. What are the prime factors of z?
2, 109
Let z = -403 - -394. Let r(s) = -2*s**3 - 9*s**2 - 12*s - 52. List the prime factors of r(z).
5, 157
Let d(j) be the third derivative of -j**5/60 - 35*j**4/12 + 17*j**3/6 + 7*j**2. List the prime factors of d(-19).
2, 17, 29
Suppose -10139 = q - 10191. List the prime factors of q.
2, 13
Let j(m) = m**2 + 21*m + 10. Let k be j(-24). Suppose k*h = 77*h + 2145. List the prime factors of h.
3, 11, 13
What are the prime factors of (2772/(-1155))/(3/(-36820))?
2, 7, 263
List the prime factors of (-48)/(-160)*-2*-30025.
3, 5, 1201
List the prime factors of (36/(-4) - -2) + (11477 - 88).
2, 3, 7, 271
Suppose 272910 = -2*k + 32*k. What are the prime factors of k?
11, 827
Let o(y) = -y**3 + 20*y**2 - 14*y + 16. Let k be o(19). Let d = k - 17. List the prime factors of d.
2, 47
Suppose -18*g + 29*g - 16*g = -25105. What are the prime factors of g?
5021
Suppose 0 = 12*i - 17*i. Suppose -5*z + 2915 + 4120 = i. What are the prime factors of z?
3, 7, 67
What are the prime factors of (-6)/12*30 - -4355?
2, 5, 7, 31
Suppose 0 = 5*q + 59 + 61. Let k = q + 26. List the prime factors of 87/2 + ((-20)/(-8) - k).
2, 11
Let h = 18171 + -4974. What are the prime factors of h?
3, 53, 83
Let k(z) = -54*z**2 - 6*z - 39. Let r(s) = s**2 - 2*s. Let f(a) = -k(a) + 6*r(a). List the prime factors of f(4).
3, 5, 13
Let t = 39487 - 23921. What are the prime factors of t?
2, 43, 181
What are the prime factors of (872/30 + 14/(-35))/(48/17928)?
3, 43, 83
Suppose 0 = -5*n + 3*j - 86, 0 = 2*n - 3*j - 7 + 36. Let y = n - -19. Let w(g) = g**3 + 2*g + 83. List the prime factors of w(y).
83
Suppose 11*c + 3 = 36. Suppose 0 = 5*f + c*i - 875, -5*i = -3*i - 10. What ar